1. Let v(k) = r*l(k) + 5*d(k). Determine v(6).
-7
Let c(g) = -4*g**2 + 1360*g**3 + 7*g + 14*g**2 - 37 - 19*g - 1359*g**3. Determine c(-11).
-26
Let b(s) = -3*s**3 - s**2 - s. Let w(h) = -20*h**3 + 7*h**2 - 7*h - 3. Let j(z) = 14*b(z) - 2*w(z). What is j(-14)?
6
Let d(t) = 19*t**2 - 19*t + 2. Let u be d(1). Suppose -8*m + u = 58. Let g(a) = a**2 + 3*a - 31. Calculate g(m).
-3
Suppose 41 + 9 = 2*p. Suppose -3*i - p = -8*i. Let b(u) = -u + 2*u**2 - u**2 - i*u**3 + 1 - 2*u**3 - 5*u**3. Determine b(1).
-11
Suppose 168 - 158 = 10*s. Let u(p) = -44*p - 1. What is u(s)?
-45
Let c(h) be the first derivative of -23*h**2/2 - 4*h + 45. Let l(u) = -8*u - 1. Let v(i) = -6*c(i) + 17*l(i). What is v(6)?
19
Suppose 0 = -22*x - 9 + 13 - 4. Let l(n) be the second derivative of 0*n**3 + x - 1/20*n**5 - 1/3*n**4 + 9*n + 1/2*n**2. Determine l(-3).
-8
Let i be -1 + 1 - (-3 + 1). Let z(s) be the second derivative of s**5/10 - s**4/4 + s**2 - s - 926. Calculate z(i).
6
Let d(l) = l**2 + 5*l - 3. Let p be (-2 + 10 + -1)*6/3. Suppose n + p = 3*n. Let o(f) = -f**3 + 6*f**2 + 5*f + 8. Let m be o(n). What is d(m)?
3
Let f(q) be the second derivative of -q**5/20 - 13*q**4/12 + 5*q**3/2 + 5*q**2 - 4270*q. Calculate f(-14).
-4
Suppose 2*x = -2*a - 4, -21 = 4*a + 2*x - 15. Let m(b) = -25*b**3 + 2*b**2 + 3*b + 2. Calculate m(a).
26
Let x(f) = -5*f**3 - 11*f**2 - 12*f + 1. Let s = -468 - -462. Let h(q) = q**3 - q**2 - q + 1. Let y(l) = s*h(l) - x(l). Calculate y(18).
-7
Let s(k) = -2*k**3 - 13*k**2 - 22*k - 12. Let x(j) be the first derivative of j**4/4 + 2*j**3 + 5*j**2 + 6*j + 101. Let a(y) = -2*s(y) - 5*x(y). Give a(-4).
18
Let u(p) be the first derivative of -p**3/3 + 7*p**2/2 - 53*p - 22. Let v(r) be the first derivative of u(r). Give v(6).
-5
Let t(j) be the second derivative of j**5/20 + j**4/12 - j**3/3 + 3*j**2/2 + 4723*j. Give t(0).
3
Let d(q) be the third derivative of q**6/120 + 7*q**5/30 + 7*q**4/12 + 4*q**3/3 - 709*q**2 + q. What is d(-13)?
-5
Let d(m) = -266*m**2 + 5*m + 5. Let l(r) = 463*r**2 - 10*r - 9. Let i(k) = 7*d(k) + 4*l(k). Determine i(1).
-16
Let p(w) = -8*w + 6. Suppose 4*j - 49 = 3*a, 3*j - 18 = 2*j - 5*a. Suppose -61 = j*t - 74. Calculate p(t).
-2
Let z(s) = 5*s - 15. Let k(i) = -2*i + 6. Let q(l) = -9*k(l) - 4*z(l). Give q(-3).
12
Let v(o) = o**2 - 1. Let n(r) = -r**3 - 8*r - 8*r**2 + 22*r**2 + 4 - 2*r**2 - 10*r**2. Let k be 0/2 + -1 + 2. Let g(z) = k*n(z) + 5*v(z). Determine g(6).
-13
Let a(t) = -4*t - 84. Suppose -84*l = -564*l - 5715 - 4365. Give a(l).
0
Let w(d) = -3*d**2 - 2*d + 2. Let x = -492 + 487. Give w(x).
-63
Let t(j) = -14*j + 84*j**3 + 12*j**3 - 13*j**2 - 3 - 95*j**3. What is t(14)?
-3
Let k(l) = -13*l + 2. Let c = -91 + 102. Suppose c*t - 38*t = -54. Calculate k(t).
-24
Let y(b) = -b - 6. Let c(t) = 3*t + 16. Let j(u) = 3*c(u) + 8*y(u). Let a(n) = -n**2 - n - 5. Let r(w) = a(w) + 2*j(w). What is r(0)?
-5
Let s(h) = -2*h**2 + h + 14. Suppose -4*c = 4*j + 16, -2*j = -3*c + 9 - 1. Give s(c).
14
Let j(i) = 7*i. Suppose -6*o = 13 + 17. Let s be 160/9 - (10/9)/o. Suppose -13 = 5*m - s. What is j(m)?
7
Let a(p) = -7*p**3 + 2*p**2 - 3*p + 10. Let u be a(2). Let g be u/(-8) - (-2 + -2)/(-8). Let i(o) = o**2 - 7*o + 4. What is i(g)?
-6
Let f(i) = 2*i + 33. Suppose 82*r - 54*r + 44*r = -1080. What is f(r)?
3
Let h(c) = 4*c**2 - 309*c + 423 + 346*c - 18*c**2 - 87 - c**3. Determine h(-15).
6
Let y(z) be the first derivative of 5*z**3/3 - z**2 - 12*z - 2203. Determine y(0).
-12
Let s(x) = -x**2 - x. Let g(r) = 14*r**2 + 4*r + 1. Suppose y + 182 = 3*y. Let j = 90 - y. Let l(h) = j*g(h) - 6*s(h). Calculate l(1).
-7
Let h(c) = -2*c**2 + 27*c + 9. Suppose 44*z = -7*v + 41*z + 80, 4*v = -4*z + 32. What is h(v)?
-5
Let r(h) = -13*h + 30. Let g be r(7). Let t = -49 - g. Let k(x) = -t + x**3 - 2*x**2 - x - x**2 + 4 + 9*x**2. Calculate k(-6).
-2
Let k(w) be the third derivative of -w**6/120 + 4*w**5/15 - w**4/8 + 16*w**3/3 + 3111*w**2. Calculate k(16).
-16
Let m(u) = 12 - 2*u + 3*u + u + u - u. Give m(-5).
2
Suppose 141 = -28*y + 85. Let q(c) = c**2 + 7*c + 7. Let l be q(-6). Let f(a) = 4 + l + 3*a - 2. Calculate f(y).
-3
Let r(g) = -g**2 + 5*g + 22. Let u(d) = -3*d**2 + 3*d + 811. Let j be u(-16). What is r(j)?
-28
Suppose 0 = -3*n + 10*n + 14. Let v be (-1)/n + (-533)/82. Let y(g) be the first derivative of g**2/2 - g - 1. Determine y(v).
-7
Suppose 3*f - 11 = -2. Let b(j) = j - 1. Let p(o) = o - 1. Let a(v) = -4*v**2 - 4*v - 4. Let l be a(-1). Let d(r) = f*b(r) + l*p(r). Determine d(-4).
5
Let n(v) = -50*v + 6*v**2 + 49*v - 3 + 20*v**2 + 0*v**2 - 6*v**2. Give n(2).
75
Let h(s) = -24535 + 12267 - s + 12267. Suppose -3*p = -p + 5*d + 10, -p - 4*d - 11 = 0. Suppose -t + p*t = 0. What is h(t)?
-1
Let n(m) = m**3 - 7*m**2 + 5*m - 2. Let j be 3/12 - 47/(-4). Suppose 3*l + 8*l = 132. Let h be (-30)/j*l/(-5). Give n(h).
-8
Let m be (-52)/(-39)*18/8. Let u(n) = 1078*n**3 - m - 1079*n**3 - 3*n**2 + 2*n - 2. Calculate u(-4).
3
Let n(x) = x**2 - 5. Suppose 4*c - 4 + 8 = 0. Let g be 28/(-16) - c - 13/4. Determine n(g).
11
Let a(k) = 2*k**2 - 6*k - 8. Let j = -3361 + 3367. Give a(j).
28
Let k(u) = 13*u - 12. Let o(y) = -17*y + 13. Let t(d) = -4*k(d) - 3*o(d). What is t(-6)?
15
Let b = -65 + 70. Suppose o + b*j - 10 = 0, -o - 3*j = -0*o - 6. Let k be (0 - (-3 + 4)) + 9 + o. Let a(r) = r**2 - 6*r - 11. Determine a(k).
5
Let z(y) = y**2 - 5*y + 12. Let d(h) = -2*h**2 + 12*h - 15. Let x(c) = 2*d(c) + 3*z(c). Suppose 2*q - 45 = -3*q. Give x(q).
6
Let f(l) be the first derivative of l**4/4 + 4*l**3 - l**2/2 + 5*l - 8346. What is f(-12)?
17
Let c(r) = -12137 + 6072 + 6046 + 3*r. What is c(6)?
-1
Let u(d) be the third derivative of d**6/60 - d**5/20 - d**4/24 + d**3/6 - 367*d**2. Let q be 6/(-24) + 76/(-16) + 4. What is u(q)?
-3
Let j(d) = -2*d - 6 + 5*d - 2*d. Suppose 5*p - 9*p - 3*g = -627, 3*p = 3*g + 465. Suppose 0 = -38*a + 12*a + p. Calculate j(a).
0
Let a(q) = 2*q**3 + 1 + 28084*q - 16 - 28100*q - 14*q**2. Let m be a(8). Let i(c) = c + 21. Determine i(m).
6
Suppose 4*z - 23 = -63. Let y be (3 - 8)*(z + 1). Suppose 0 = -50*o + y*o + 30. Let t(k) = -k**2 + 6*k - 1. What is t(o)?
-1
Let d(z) = -z**2 - 7*z - 9. Let w be d(-6). Let a(t) be the second derivative of -t**5/20 - t**4/3 - t**3/6 + t**2/2 + 4*t + 10133. Give a(w).
-5
Let z(s) be the third derivative of s**6/60 + s**5/15 - 7*s**3/6 - s**2 - 1198*s - 1. Determine z(-3).
-25
Let b(l) = -3*l - 8. Let r(n) = -5*n - 2. Let z(a) = 3*a. Let d(w) = -2*r(w) - 3*z(w). Let i(f) = b(f) + 2*d(f). Calculate i(-3).
3
Suppose 0*l - 3 = -l. Let y(o) = 4*o**2 - o**2 + 0*o**l - 3 - 5*o + o**3. Suppose -746*x - 1380 - 1037 = -179. Give y(x).
12
Let o(n) = 67*n + 25. Let v(u) = -30*u - 12. Let w(j) = 4*o(j) + 9*v(j). Determine w(-8).
8
Let p(b) = -189*b + 1516. Let z be p(8). Let w(l) = 12*l - 24. Give w(z).
24
Let v(n) = -4*n**3 - 10*n**2 - 14*n + 2. Let g(c) = -29*c**2 - 15*c**3 + 12*c**3 - 8*c**3 - 40*c + 7. Let i(f) = 3*g(f) - 8*v(f). Calculate i(-6).
17
Let o(x) = -2*x - 2. Let p be o(-1). Suppose -g = h, p*g + 3*g = h - 8. Let j(w) = 15*w + w**h + 5 - 10*w - 7. Calculate j(-4).
-6
Let b = 716 - 581. Suppose b*w - 102 = 118*w. Let x(k) = -k**2 - 2*k + 7. Determine x(w).
-41
Let a(v) = 7*v - 128. Let n be a(19). Suppose 21*u - 13*u = n*u. Let l(p) be the first derivative of -p**2/2 + 2*p - 1. What is l(u)?
2
Let i be (-14)/532*-19*-1*(-16)/(-1). Let z(g) = g**3 + 6*g**2 - 18*g - 18. Calculate z(i).
-2
Let h(a) be the first derivative of -a**5/60 + a**4/24 + 5*a**3/3 + 48. Let s(i) be the third derivative of h(i). Suppose -1 - 11 = -2*c. Determine s(c).
-11
Suppose -14*x + 30 = -4*x. Let q(h) be the first derivative of -h**4/4 + h**3 - h**2 - h + 25. Calculate q(x).
-7
Let d(n) be the first derivative of -1/3*n**3 + 122 + 5*n - n**2. What is d(-4)?
-3
Let k(v) be the second derivative of 3*v**3 + 11*v**2 + 6*v - 57. Calculate k(-3).
-32
Let w = -60 - -54. Let j(k) be the third derivative of -k**4/24 - 11*k**3/6 + 2506*k**2. Calculate j(w).
-5
Let l(y) = 3*y**2 + 7*y + 1. Let b(x) = -x**2 + 44*x - 390. Let o be b(12). Give l(o).
67
Suppose 7*o - 815 = 2*o. Suppose -4*p = 143 - o. Let n(r) = -r**3 + 5*r**2 + r - 3. What is n(p)?
2
Let w(z) be the third derivative of 0*z - 1/60*z**5 - 2/3*z**3 + 6 - z**2 + 7/24*z**4. Give w(4).
8
